{"id":10984,"date":"2021-04-20T12:39:48","date_gmt":"2021-04-20T10:39:48","guid":{"rendered":"https:\/\/www.sp14.tychy.pl\/?page_id=10984"},"modified":"2021-04-22T10:43:25","modified_gmt":"2021-04-22T08:43:25","slug":"ksiazki-dla-dzieci-12","status":"publish","type":"page","link":"https:\/\/www.sp14.tychy.pl\/?page_id=10984","title":{"rendered":"Ksi\u0105\u017cki dla dzieci 12+"},"content":{"rendered":"\n<div class=\"wp-block-image\"><figure class=\"alignleft size-large is-resized\"><img decoding=\"async\" src=\"https:\/\/www.sp14.tychy.pl\/wp-content\/uploads\/2021\/04\/6-1.png\" alt=\"\" class=\"wp-image-10919\" width=\"469\" srcset=\"https:\/\/www.sp14.tychy.pl\/wp-content\/uploads\/2021\/04\/6-1.png 940w, https:\/\/www.sp14.tychy.pl\/wp-content\/uploads\/2021\/04\/6-1-300x251.png 300w, https:\/\/www.sp14.tychy.pl\/wp-content\/uploads\/2021\/04\/6-1-150x126.png 150w, https:\/\/www.sp14.tychy.pl\/wp-content\/uploads\/2021\/04\/6-1-768x644.png 768w\" sizes=\"(max-width: 940px) 100vw, 940px\" \/><\/figure><\/div>\n\n\n\n<p><br><br><\/p>\n\n\n\n<p>Drogi Uczniu,<\/p>\n\n\n\n<p>mamy nadziej\u0119, \u017ce zestawienie ksi\u0105\u017cek umili Ci czas sp\u0119dzany w domu, po lekcjach\u2026 zw\u0142aszcza gdy dopada Ci\u0119 nuda. Nuda? Jaka nuda? &#8230; Tobie si\u0119 nigdy nie nudzi&#8230; No dobrze, chcieli\u015bmy tylko powiedzie\u0107, \u017ce czytanie jest naprawd\u0119 <em>cool<\/em> i &#8222;czasem&#8221; si\u0119 przydaje. Zawsze mo\u017cesz przyj\u015b\u0107 do biblioteki! A na razie przekazujemy Ci skromny  wyb\u00f3r ksi\u0105\u017cek do s\u0142uchania. Jest on co prawda niewielki, ale te\u017c czytelnik bardziej wprawiony i wie czego chce od ksi\u0105\u017cki. <\/p>\n\n\n\n<p>W miar\u0119 mo\u017cliwo\u015bci, b\u0119dziemy do\u0142\u0105cza\u0107 tu kolejne pozycje. <\/p>\n\n\n\n<p><br><br><br><br><\/p>\n\n\n\n<p><strong><a href=\"https:\/\/www.facebook.com\/joanna.fabicka.7\/videos\/2833085566918353\">Rutka<\/a><\/strong> &#8211; Joanna Fabicka \/ czyta Joanna Fabicka<\/p>\n\n\n\n<p><strong><a href=\"https:\/\/youtu.be\/P0aN-teQd-Q\">Gorzka czekolada i inne opowiadania o wa\u017cnych sprawach<\/a><\/strong> \/ czytaj\u0105 Ma\u0142gorzata, Pawe\u0142 i Antoni Kr\u00f3likowski<\/p>\n\n\n\n<p><a href=\"https:\/\/www.youtube.com\/watch?v=dZM_tbPvCF4\"><strong>By\u0142 sobie pies<\/strong><\/a> &#8211; W. Bruce Cameron \/ czyta Robert Michalak<\/p>\n","protected":false},"excerpt":{"rendered":"<p>Drogi Uczniu, mamy nadziej\u0119, \u017ce zestawienie ksi\u0105\u017cek umili Ci czas sp\u0119dzany w domu, po lekcjach\u2026 zw\u0142aszcza gdy dopada Ci\u0119 nuda. Nuda? Jaka nuda? &#8230; Tobie si\u0119 nigdy nie nudzi&#8230; No dobrze, chcieli\u015bmy tylko powiedzie\u0107, \u017ce czytanie jest naprawd\u0119 cool i &#8222;czasem&#8221; si\u0119 przydaje. Zawsze mo\u017cesz przyj\u015b\u0107 do biblioteki! A na razie przekazujemy Ci skromny wyb\u00f3r [&hellip;]<\/p>\n","protected":false},"author":21,"featured_media":0,"parent":0,"menu_order":0,"comment_status":"closed","ping_status":"closed","template":"","meta":{"_mi_skip_tracking":false},"_links":{"self":[{"href":"https:\/\/www.sp14.tychy.pl\/index.php?rest_route=\/wp\/v2\/pages\/10984"}],"collection":[{"href":"https:\/\/www.sp14.tychy.pl\/index.php?rest_route=\/wp\/v2\/pages"}],"about":[{"href":"https:\/\/www.sp14.tychy.pl\/index.php?rest_route=\/wp\/v2\/types\/page"}],"author":[{"embeddable":true,"href":"https:\/\/www.sp14.tychy.pl\/index.php?rest_route=\/wp\/v2\/users\/21"}],"replies":[{"embeddable":true,"href":"https:\/\/www.sp14.tychy.pl\/index.php?rest_route=%2Fwp%2Fv2%2Fcomments&post=10984"}],"version-history":[{"count":9,"href":"https:\/\/www.sp14.tychy.pl\/index.php?rest_route=\/wp\/v2\/pages\/10984\/revisions"}],"predecessor-version":[{"id":11175,"href":"https:\/\/www.sp14.tychy.pl\/index.php?rest_route=\/wp\/v2\/pages\/10984\/revisions\/11175"}],"wp:attachment":[{"href":"https:\/\/www.sp14.tychy.pl\/index.php?rest_route=%2Fwp%2Fv2%2Fmedia&parent=10984"}],"curies":[{"name":"wp","href":"https:\/\/api.w.org\/{rel}","templated":true}]}}