{"id":10991,"date":"2021-04-20T13:04:06","date_gmt":"2021-04-20T11:04:06","guid":{"rendered":"https:\/\/www.sp14.tychy.pl\/?page_id=10991"},"modified":"2021-04-22T10:45:19","modified_gmt":"2021-04-22T08:45:19","slug":"ksiazki-dla-dzieci-9","status":"publish","type":"page","link":"https:\/\/www.sp14.tychy.pl\/?page_id=10991","title":{"rendered":"Ksi\u0105\u017cki dla dzieci 9+"},"content":{"rendered":"\n<div class=\"wp-block-image\"><figure class=\"alignleft size-large is-resized\"><img decoding=\"async\" src=\"https:\/\/www.sp14.tychy.pl\/wp-content\/uploads\/2021\/04\/5-1.png\" alt=\"\" class=\"wp-image-10923\" width=\"466\" srcset=\"https:\/\/www.sp14.tychy.pl\/wp-content\/uploads\/2021\/04\/5-1.png 940w, https:\/\/www.sp14.tychy.pl\/wp-content\/uploads\/2021\/04\/5-1-300x251.png 300w, https:\/\/www.sp14.tychy.pl\/wp-content\/uploads\/2021\/04\/5-1-150x126.png 150w, https:\/\/www.sp14.tychy.pl\/wp-content\/uploads\/2021\/04\/5-1-768x644.png 768w\" sizes=\"(max-width: 940px) 100vw, 940px\" \/><\/figure><\/div>\n\n\n\n<p><br><br><\/p>\n\n\n\n<p>Drogi Uczniu, <\/p>\n\n\n\n<p>mamy nadziej\u0119, \u017ce zestawienie ksi\u0105\u017cek umili Ci czas sp\u0119dzany w domu, po lekcjach&#8230; zw\u0142aszcza gdy dopada Ci\u0119 nuda. <\/p>\n\n\n\n<p>Linki do ksi\u0105\u017cek mog\u0105 zawiera\u0107 fragmenty utwor\u00f3w. Mamy jednak nadziej\u0119, \u017ce zach\u0119c\u0105 ci\u0119 one do si\u0119gni\u0119cia po ksi\u0105\u017ck\u0119. Zawsze mo\u017cesz przyj\u015b\u0107 do biblioteki! \ud83d\ude42 Je\u015bli jaka\u015b ksi\u0105\u017cka szczeg\u00f3lnie zapad\u0142a Ci w pami\u0119\u0107 daj zna\u0107 swojemu bibliotekarzowi szkolnemu &#8211; na pewno si\u0119 ucieszy. <\/p>\n\n\n\n<p>Linki oznaczone kolorem czerwonym oznaczaj\u0105&nbsp;<span class=\"has-inline-color has-vivid-red-color\">lektury szkolne<\/span>.<\/p>\n\n\n\n<p class=\"has-medium-font-size\">A teraz usi\u0105d\u017a wygodnie, zobacz poni\u017csz\u0105 list\u0119, kliknij i pos\u0142uchaj:<\/p>\n\n\n\n<p><br><br><\/p>\n\n\n\n<p><strong><a href=\"https:\/\/www.facebook.com\/MiedzypokoleniowyFestiwal\/videos\/630827577696935\/\">Zosia z ulicy Kociej<\/a><\/strong> &#8211; Agnieszka Tyszka \/ czyta Agnieszka Tyszka<\/p>\n\n\n\n<p><strong><a href=\"https:\/\/www.facebook.com\/MiedzypokoleniowyFestiwal\/videos\/2510877302507233\/\">Czarownica pi\u0119tro ni\u017cej<\/a><\/strong> &#8211; Marcin Szczygielski \/ czyta Marcin Szczygielski<\/p>\n\n\n\n<p><strong><a href=\"https:\/\/www.facebook.com\/klara.bielawka\/videos\/10157490465766902\/\">Lekkie \u017cycie Barnaby\u2019ego Brocketa<\/a><\/strong> &#8211; John Boyne, Oliver Jeffers<\/p>\n\n\n\n<p><strong><a href=\"https:\/\/www.facebook.com\/MiedzypokoleniowyFestiwal\/videos\/235270800920150\/\">Poppintrokowie. Opowiadania z magi\u0105 i dreszczem<\/a><\/strong> &#8211; Joanna Olech \/ czyta Joanna Olech<\/p>\n\n\n\n<p><a href=\"https:\/\/www.facebook.com\/MiedzypokoleniowyFestiwal\/videos\/598268614112135\/\"><strong>Ale historia<\/strong>! <strong>Jadwiga kontra Jagie\u0142\u0142o<\/strong><\/a> &#8211; Gra\u017cyna B\u0105kiewicz \/ czyta Gra\u017cyna B\u0105kiewicz<\/p>\n\n\n\n<p><strong><a href=\"https:\/\/www.facebook.com\/WydawnictwoNaszaKsiegarnia\/videos\/176511566756964\/\">Ale historia! Mieszko, ty wikingu!<\/a><\/strong> &#8211; Gra\u017cyna B\u0105kiewicz \/ czyta Gra\u017cyna B\u0105kiewicz<\/p>\n\n\n\n<p><strong><a href=\"https:\/\/www.facebook.com\/WydawnictwoNaszaKsiegarnia\/videos\/252176012596426\/\">Ale historia! Kazimierzu, sk\u0105d ta forsa?<\/a><\/strong> &#8211; Gra\u017cyna B\u0105kiewicz \/ czyta Gra\u017cyna B\u0105kiewicz<\/p>\n\n\n\n<p><strong><a href=\"https:\/\/www.facebook.com\/MiedzypokoleniowyFestiwal\/videos\/654389938628521\/\">Dziennik \u0142owcy przyg\u00f3d. Madagaskar. Kl\u0105twa pasiastego lemura<\/a><\/strong> &#8211; Szymon Radzimierski \/ czyta Szymon Radzimierski<\/p>\n\n\n\n<p><strong><a href=\"https:\/\/www.facebook.com\/KrakowMiastoLiteraturyUNESCO\/videos\/647884872441367\/\">Dziewczynka, kt\u00f3ra wypi\u0142a ksi\u0119\u017cyc<\/a><\/strong> &#8211; Kelly Barnhill \/ czyta Marta Kisiel<\/p>\n\n\n\n<p><a href=\"https:\/\/www.facebook.com\/KrakowMiastoLiteraturyUNESCO\/videos\/307177003577799\/\"><strong>\u0141ysol i Stru\u015b<\/strong><\/a> &#8211; Marcin Wicha \/ czyta Marcin Wicha<\/p>\n\n\n\n<p><strong><a href=\"https:\/\/www.facebook.com\/KrakowMiastoLiteraturyUNESCO\/videos\/3346438368717212\/\">Amelia i Kuba. Z\u0142ota karta<\/a><\/strong> &#8211; Rafa\u0142 Kosik \/ czyta Rafa\u0142 Kosik<\/p>\n\n\n\n<p><strong><a href=\"https:\/\/www.facebook.com\/bukbukannadziewit\/videos\/1598607493639641\/\">Damy, dziewuchy, dziewczyny<\/a><\/strong> &#8211; Anna Dziewit-Meller \/ czyta Anna Dziewit-Meller<\/p>\n\n\n\n<p><strong><a href=\"https:\/\/youtu.be\/ox7ZE2Hb8DY\">Cudowny ch\u0142opak<\/a><\/strong> &#8211; R. J. Palacio \/ czyta Anna Dereszowska<\/p>\n\n\n\n<p><strong><a href=\"https:\/\/youtu.be\/NxGxe2St1Lo\"><span class=\"has-inline-color has-vivid-red-color\">Dynastia Mizio\u0142k\u00f3w<\/span><\/a><\/strong> &#8211; Joanna Olech \/ czyta Artur Barci\u015b<\/p>\n\n\n\n<p><strong><a href=\"https:\/\/youtu.be\/Uy4Ytp0kwkU\">Kocie historie<\/a><\/strong> &#8211; Tomasz Trojanowski \/ czyta Jaros\u0142aw Boberek<\/p>\n\n\n\n<p><strong><a href=\"https:\/\/www.facebook.com\/1961437024085287\/videos\/3783908521651001\/\">Dom nie z tej ziemi<\/a><\/strong> &#8211; Ma\u0142gorzata Str\u0119kowska-Zaremba \/ czyta Paulina Holtz<\/p>\n\n\n\n<p><strong><a href=\"https:\/\/www.facebook.com\/1961437024085287\/videos\/565360404079803\/\">Beskid bez kitu<\/a><\/strong> &#8211; Marii Strzeleckiej \/ czyta Paulina Holtz<\/p>\n\n\n\n<p><strong>M\u00f3j przyjaciel Percy, Buffalo Bill i ja<\/strong> (<a href=\"https:\/\/www.facebook.com\/AutoFus\/videos\/3185245548166576\/\">fragment 1<\/a>, <a href=\"https:\/\/www.facebook.com\/AutoFus\/videos\/329433988032330\/\">fragment 2<\/a>) &#8211; Ulf Stark \/ czyta Piotr Fronczewski<\/p>\n\n\n\n<p><strong><a href=\"https:\/\/www.facebook.com\/WydawnictwoNaszaKsiegarnia\/videos\/1314959185367483\/\">Lilana<\/a> &#8211; <\/strong>Ma\u0142gorzata Str\u0119kowska-Zaremba \/ czyta Ma\u0142gorzata Str\u0119kowska-Zaremba<\/p>\n\n\n\n<p><strong><a href=\"https:\/\/www.facebook.com\/marcin.szczygielski.autor\/videos\/10219062970279531\/\">Pomylony narzeczony<\/a><\/strong> &#8211; Marcin Szczygielski \/ czyta Marcin Szczygielski <\/p>\n\n\n\n<p><strong><a href=\"https:\/\/www.facebook.com\/WydawnictwoBajka\/videos\/244027643315272\/\">Kl\u0105twa dziewi\u0105tych urodzin<\/a><\/strong> &#8211; Marcin Szczygielski \/ czyta Marcin Szczygielski<\/p>\n\n\n\n<p><strong><a href=\"https:\/\/www.facebook.com\/wydawcadwukropek\/videos\/2737732686343135\/\">Wielcy wynalazcy<\/a><\/strong> &#8211; Marcin Jamkowski, Maciej Szymanowski \/ czyta Marcin Jamkowski (fragment o Ludwiku Pasteur)<\/p>\n\n\n\n<p><strong><a href=\"https:\/\/www.facebook.com\/wydawcadwukropek\/videos\/806552393166494\/\">Wielcy wynalazcy<\/a><\/strong> &#8211; Marcin Jamkowski, Maciej Szymanowski \/ czyta Maciej Szymanowski (fragment o Thomasie Edisonie)<\/p>\n\n\n\n<p><strong><a href=\"https:\/\/youtu.be\/53mf6tpuu-w\">Zezia, Giler i Oczak<\/a><\/strong> &#8211; Agnieszka Chyli\u0144ska \/ czyta Agnieszka Chyli\u0144ska<\/p>\n\n\n\n<p><strong><a href=\"https:\/\/www.facebook.com\/ZielonaSowa\/videos\/3217929318242027\/\">Puk, Puk! Otw\u00f3rzcie drzwi<\/a><\/strong> &#8211; Marcin Przewo\u017aniak \/ czyta Marcin Przewo\u017aniak<\/p>\n\n\n\n<p><strong>Wyspa mojej siostry<\/strong> <a href=\"https:\/\/www.facebook.com\/Wydawnictwo.Literatura\/videos\/529348741089781\/\">cz. 1<\/a>, <a href=\"https:\/\/www.facebook.com\/Wydawnictwo.Literatura\/videos\/646420202878068\/\">cz. 2<\/a>, <a href=\"https:\/\/www.facebook.com\/Wydawnictwo.Literatura\/videos\/699510240858650\/\">cz. 3<\/a>&#8211; Katarzyna Ryrych \/ czyta Katarzyna Ryrych<\/p>\n\n\n\n<p><strong><a href=\"https:\/\/youtu.be\/8-AGP8jCMaY\">Historyjki na raz<\/a><\/strong> &#8211; Bernard Friot \/ czyta Aleksy Perski<\/p>\n\n\n\n<p><strong><a href=\"https:\/\/www.facebook.com\/przecinekikropka.empik\/videos\/278948176445193\/\">Ma\u0142e Licho i tajemnica Niebo\u017c\u0105tka<\/a><\/strong> &#8211; Marta Kisiel \/ czyta Marta Kisiel<\/p>\n","protected":false},"excerpt":{"rendered":"<p>Drogi Uczniu, mamy nadziej\u0119, \u017ce zestawienie ksi\u0105\u017cek umili Ci czas sp\u0119dzany w domu, po lekcjach&#8230; zw\u0142aszcza gdy dopada Ci\u0119 nuda. Linki do ksi\u0105\u017cek mog\u0105 zawiera\u0107 fragmenty utwor\u00f3w. Mamy jednak nadziej\u0119, \u017ce zach\u0119c\u0105 ci\u0119 one do si\u0119gni\u0119cia po ksi\u0105\u017ck\u0119. Zawsze mo\u017cesz przyj\u015b\u0107 do biblioteki! \ud83d\ude42 Je\u015bli jaka\u015b ksi\u0105\u017cka szczeg\u00f3lnie zapad\u0142a Ci w pami\u0119\u0107 daj zna\u0107 swojemu [&hellip;]<\/p>\n","protected":false},"author":21,"featured_media":0,"parent":0,"menu_order":0,"comment_status":"closed","ping_status":"closed","template":"","meta":{"_mi_skip_tracking":false},"_links":{"self":[{"href":"https:\/\/www.sp14.tychy.pl\/index.php?rest_route=\/wp\/v2\/pages\/10991"}],"collection":[{"href":"https:\/\/www.sp14.tychy.pl\/index.php?rest_route=\/wp\/v2\/pages"}],"about":[{"href":"https:\/\/www.sp14.tychy.pl\/index.php?rest_route=\/wp\/v2\/types\/page"}],"author":[{"embeddable":true,"href":"https:\/\/www.sp14.tychy.pl\/index.php?rest_route=\/wp\/v2\/users\/21"}],"replies":[{"embeddable":true,"href":"https:\/\/www.sp14.tychy.pl\/index.php?rest_route=%2Fwp%2Fv2%2Fcomments&post=10991"}],"version-history":[{"count":15,"href":"https:\/\/www.sp14.tychy.pl\/index.php?rest_route=\/wp\/v2\/pages\/10991\/revisions"}],"predecessor-version":[{"id":11177,"href":"https:\/\/www.sp14.tychy.pl\/index.php?rest_route=\/wp\/v2\/pages\/10991\/revisions\/11177"}],"wp:attachment":[{"href":"https:\/\/www.sp14.tychy.pl\/index.php?rest_route=%2Fwp%2Fv2%2Fmedia&parent=10991"}],"curies":[{"name":"wp","href":"https:\/\/api.w.org\/{rel}","templated":true}]}}

Książki dla dzieci 9+

<div class="wp-block-image"><figure class="alignleft size-large is-resized"><img decoding="async" src="https://www.sp14.tychy.pl/wp-content/uploads/2021/04/5-1.png" alt="" class="wp-image-10923" width="466" srcset="https://www.sp14.tychy.pl/wp-content/uploads/2021/04/5-1.png 940w, https://www.sp14.tychy.pl/wp-content/uploads/2021/04/5-1-300x251.png 300w, https://www.sp14.tychy.pl/wp-content/uploads/2021/04/5-1-150x126.png 150w, https://www.sp14.tychy.pl/wp-content/uploads/2021/04/5-1-768x644.png 768w" sizes="(max-width: 940px) 100vw, 940px" /></figure></div>



<p><br><br></p>



<p>Drogi Uczniu, </p>



<p>mamy nadzieję, że zestawienie książek umili Ci czas spędzany w domu, po lekcjach&#8230; zwłaszcza gdy dopada Cię nuda. </p>



<p>Linki do książek mogą zawierać fragmenty utworów. Mamy jednak nadzieję, że zachęcą cię one do sięgnięcia po książkę. Zawsze możesz przyjść do biblioteki! 🙂 Jeśli jakaś książka szczególnie zapadła Ci w pamięć daj znać swojemu bibliotekarzowi szkolnemu &#8211; na pewno się ucieszy. </p>



<p>Linki oznaczone kolorem czerwonym oznaczają&nbsp;<span class="has-inline-color has-vivid-red-color">lektury szkolne</span>.</p>



<p class="has-medium-font-size">A teraz usiądź wygodnie, zobacz poniższą listę, kliknij i posłuchaj:</p>



<p><br><br></p>



<p><strong><a href="https://www.facebook.com/MiedzypokoleniowyFestiwal/videos/630827577696935/">Zosia z ulicy Kociej</a></strong> &#8211; Agnieszka Tyszka / czyta Agnieszka Tyszka</p>



<p><strong><a href="https://www.facebook.com/MiedzypokoleniowyFestiwal/videos/2510877302507233/">Czarownica piętro niżej</a></strong> &#8211; Marcin Szczygielski / czyta Marcin Szczygielski</p>



<p><strong><a href="https://www.facebook.com/klara.bielawka/videos/10157490465766902/">Lekkie życie Barnaby’ego Brocketa</a></strong> &#8211; John Boyne, Oliver Jeffers</p>



<p><strong><a href="https://www.facebook.com/MiedzypokoleniowyFestiwal/videos/235270800920150/">Poppintrokowie. Opowiadania z magią i dreszczem</a></strong> &#8211; Joanna Olech / czyta Joanna Olech</p>



<p><a href="https://www.facebook.com/MiedzypokoleniowyFestiwal/videos/598268614112135/"><strong>Ale historia</strong>! <strong>Jadwiga kontra Jagiełło</strong></a> &#8211; Grażyna Bąkiewicz / czyta Grażyna Bąkiewicz</p>



<p><strong><a href="https://www.facebook.com/WydawnictwoNaszaKsiegarnia/videos/176511566756964/">Ale historia! Mieszko, ty wikingu!</a></strong> &#8211; Grażyna Bąkiewicz / czyta Grażyna Bąkiewicz</p>



<p><strong><a href="https://www.facebook.com/WydawnictwoNaszaKsiegarnia/videos/252176012596426/">Ale historia! Kazimierzu, skąd ta forsa?</a></strong> &#8211; Grażyna Bąkiewicz / czyta Grażyna Bąkiewicz</p>



<p><strong><a href="https://www.facebook.com/MiedzypokoleniowyFestiwal/videos/654389938628521/">Dziennik łowcy przygód. Madagaskar. Klątwa pasiastego lemura</a></strong> &#8211; Szymon Radzimierski / czyta Szymon Radzimierski</p>



<p><strong><a href="https://www.facebook.com/KrakowMiastoLiteraturyUNESCO/videos/647884872441367/">Dziewczynka, która wypiła księżyc</a></strong> &#8211; Kelly Barnhill / czyta Marta Kisiel</p>



<p><a href="https://www.facebook.com/KrakowMiastoLiteraturyUNESCO/videos/307177003577799/"><strong>Łysol i Struś</strong></a> &#8211; Marcin Wicha / czyta Marcin Wicha</p>



<p><strong><a href="https://www.facebook.com/KrakowMiastoLiteraturyUNESCO/videos/3346438368717212/">Amelia i Kuba. Złota karta</a></strong> &#8211; Rafał Kosik / czyta Rafał Kosik</p>



<p><strong><a href="https://www.facebook.com/bukbukannadziewit/videos/1598607493639641/">Damy, dziewuchy, dziewczyny</a></strong> &#8211; Anna Dziewit-Meller / czyta Anna Dziewit-Meller</p>



<p><strong><a href="https://youtu.be/ox7ZE2Hb8DY">Cudowny chłopak</a></strong> &#8211; R. J. Palacio / czyta Anna Dereszowska</p>



<p><strong><a href="https://youtu.be/NxGxe2St1Lo"><span class="has-inline-color has-vivid-red-color">Dynastia Miziołków</span></a></strong> &#8211; Joanna Olech / czyta Artur Barciś</p>



<p><strong><a href="https://youtu.be/Uy4Ytp0kwkU">Kocie historie</a></strong> &#8211; Tomasz Trojanowski / czyta Jarosław Boberek</p>



<p><strong><a href="https://www.facebook.com/1961437024085287/videos/3783908521651001/">Dom nie z tej ziemi</a></strong> &#8211; Małgorzata Strękowska-Zaremba / czyta Paulina Holtz</p>



<p><strong><a href="https://www.facebook.com/1961437024085287/videos/565360404079803/">Beskid bez kitu</a></strong> &#8211; Marii Strzeleckiej / czyta Paulina Holtz</p>



<p><strong>Mój przyjaciel Percy, Buffalo Bill i ja</strong> (<a href="https://www.facebook.com/AutoFus/videos/3185245548166576/">fragment 1</a>, <a href="https://www.facebook.com/AutoFus/videos/329433988032330/">fragment 2</a>) &#8211; Ulf Stark / czyta Piotr Fronczewski</p>



<p><strong><a href="https://www.facebook.com/WydawnictwoNaszaKsiegarnia/videos/1314959185367483/">Lilana</a> &#8211; </strong>Małgorzata Strękowska-Zaremba / czyta Małgorzata Strękowska-Zaremba</p>



<p><strong><a href="https://www.facebook.com/marcin.szczygielski.autor/videos/10219062970279531/">Pomylony narzeczony</a></strong> &#8211; Marcin Szczygielski / czyta Marcin Szczygielski </p>



<p><strong><a href="https://www.facebook.com/WydawnictwoBajka/videos/244027643315272/">Klątwa dziewiątych urodzin</a></strong> &#8211; Marcin Szczygielski / czyta Marcin Szczygielski</p>



<p><strong><a href="https://www.facebook.com/wydawcadwukropek/videos/2737732686343135/">Wielcy wynalazcy</a></strong> &#8211; Marcin Jamkowski, Maciej Szymanowski / czyta Marcin Jamkowski (fragment o Ludwiku Pasteur)</p>



<p><strong><a href="https://www.facebook.com/wydawcadwukropek/videos/806552393166494/">Wielcy wynalazcy</a></strong> &#8211; Marcin Jamkowski, Maciej Szymanowski / czyta Maciej Szymanowski (fragment o Thomasie Edisonie)</p>



<p><strong><a href="https://youtu.be/53mf6tpuu-w">Zezia, Giler i Oczak</a></strong> &#8211; Agnieszka Chylińska / czyta Agnieszka Chylińska</p>



<p><strong><a href="https://www.facebook.com/ZielonaSowa/videos/3217929318242027/">Puk, Puk! Otwórzcie drzwi</a></strong> &#8211; Marcin Przewoźniak / czyta Marcin Przewoźniak</p>



<p><strong>Wyspa mojej siostry</strong> <a href="https://www.facebook.com/Wydawnictwo.Literatura/videos/529348741089781/">cz. 1</a>, <a href="https://www.facebook.com/Wydawnictwo.Literatura/videos/646420202878068/">cz. 2</a>, <a href="https://www.facebook.com/Wydawnictwo.Literatura/videos/699510240858650/">cz. 3</a>&#8211; Katarzyna Ryrych / czyta Katarzyna Ryrych</p>



<p><strong><a href="https://youtu.be/8-AGP8jCMaY">Historyjki na raz</a></strong> &#8211; Bernard Friot / czyta Aleksy Perski</p>



<p><strong><a href="https://www.facebook.com/przecinekikropka.empik/videos/278948176445193/">Małe Licho i tajemnica Niebożątka</a></strong> &#8211; Marta Kisiel / czyta Marta Kisiel</p>

<p>Drogi Uczniu, mamy nadzieję, że zestawienie książek umili Ci czas spędzany w domu, po lekcjach&#8230; zwłaszcza gdy dopada Cię nuda. Linki do książek mogą zawierać fragmenty utworów. Mamy jednak nadzieję, że zachęcą cię one do sięgnięcia po książkę. Zawsze możesz przyjść do biblioteki! 🙂 Jeśli jakaś książka szczególnie zapadła Ci w pamięć daj znać swojemu [&hellip;]</p>
