{"id":33,"date":"2017-08-16T00:07:21","date_gmt":"2017-08-15T22:07:21","guid":{"rendered":"http:\/\/www.sp14.tychy.pl\/?page_id=33"},"modified":"2022-01-10T09:19:00","modified_gmt":"2022-01-10T08:19:00","slug":"kontakt","status":"publish","type":"page","link":"https:\/\/www.sp14.tychy.pl\/?page_id=33","title":{"rendered":"Kontakt"},"content":{"rendered":"<p><img decoding=\"async\" loading=\"lazy\" class=\"wp-image-5364 alignnone\" src=\"https:\/\/www.sp14.tychy.pl\/wp-content\/uploads\/2019\/09\/logo-1024x683.jpg\" alt=\"\" width=\"275\" height=\"183\" srcset=\"https:\/\/www.sp14.tychy.pl\/wp-content\/uploads\/2019\/09\/logo-1024x683.jpg 1024w, https:\/\/www.sp14.tychy.pl\/wp-content\/uploads\/2019\/09\/logo-150x100.jpg 150w, https:\/\/www.sp14.tychy.pl\/wp-content\/uploads\/2019\/09\/logo-300x200.jpg 300w, https:\/\/www.sp14.tychy.pl\/wp-content\/uploads\/2019\/09\/logo-768x513.jpg 768w, https:\/\/www.sp14.tychy.pl\/wp-content\/uploads\/2019\/09\/logo.jpg 1326w\" sizes=\"(max-width: 275px) 100vw, 275px\" \/><\/p>\n<p>Szko\u0142a Podstawowa nr 14 z Oddzia\u0142ami Dwuj\u0119zycznymi im. Armii Krajowej w Tychach<br \/>\nul. Brzozowa 24<br \/>\n43-100 Tychy<br \/>\ntel.: 506 002 668<br \/>\n<a href=\"mailto:sp14@oswiata.tychy.pl\">sp14@oswiata.tychy.pl<\/a><\/p>\n<p><iframe loading=\"lazy\" style=\"border: 0;\" src=\"https:\/\/www.google.com\/maps\/embed?pb=!1m14!1m8!1m3!1d6828.226341364515!2d18.9705432278932!3d50.129427412892674!3m2!1i1024!2i768!4f13.1!3m3!1m2!1s0x0%3A0x29f33eb5296dfb27!2sGimnazjum+nr+1!5e0!3m2!1spl!2sus!4v1502847500507\" width=\"100%\" height=\"500\" frameborder=\"0\" allowfullscreen=\"allowfullscreen\"><\/iframe><\/p>\n","protected":false},"excerpt":{"rendered":"<p>Szko\u0142a Podstawowa nr 14 z Oddzia\u0142ami Dwuj\u0119zycznymi im. Armii Krajowej w Tychach ul. Brzozowa 24 43-100 Tychy tel.: 506 002 668 sp14@oswiata.tychy.pl<\/p>\n","protected":false},"author":1,"featured_media":0,"parent":35,"menu_order":0,"comment_status":"closed","ping_status":"closed","template":"","meta":{"_mi_skip_tracking":false},"_links":{"self":[{"href":"https:\/\/www.sp14.tychy.pl\/index.php?rest_route=\/wp\/v2\/pages\/33"}],"collection":[{"href":"https:\/\/www.sp14.tychy.pl\/index.php?rest_route=\/wp\/v2\/pages"}],"about":[{"href":"https:\/\/www.sp14.tychy.pl\/index.php?rest_route=\/wp\/v2\/types\/page"}],"author":[{"embeddable":true,"href":"https:\/\/www.sp14.tychy.pl\/index.php?rest_route=\/wp\/v2\/users\/1"}],"replies":[{"embeddable":true,"href":"https:\/\/www.sp14.tychy.pl\/index.php?rest_route=%2Fwp%2Fv2%2Fcomments&post=33"}],"version-history":[{"count":8,"href":"https:\/\/www.sp14.tychy.pl\/index.php?rest_route=\/wp\/v2\/pages\/33\/revisions"}],"predecessor-version":[{"id":14182,"href":"https:\/\/www.sp14.tychy.pl\/index.php?rest_route=\/wp\/v2\/pages\/33\/revisions\/14182"}],"up":[{"embeddable":true,"href":"https:\/\/www.sp14.tychy.pl\/index.php?rest_route=\/wp\/v2\/pages\/35"}],"wp:attachment":[{"href":"https:\/\/www.sp14.tychy.pl\/index.php?rest_route=%2Fwp%2Fv2%2Fmedia&parent=33"}],"curies":[{"name":"wp","href":"https:\/\/api.w.org\/{rel}","templated":true}]}}