{"id":463,"date":"2017-08-30T10:09:01","date_gmt":"2017-08-30T08:09:01","guid":{"rendered":"http:\/\/www.sp14.tychy.pl\/?page_id=463"},"modified":"2017-09-01T22:19:34","modified_gmt":"2017-09-01T20:19:34","slug":"regulamin-icim","status":"publish","type":"page","link":"https:\/\/www.sp14.tychy.pl\/?page_id=463","title":{"rendered":"Regulamin ICIM"},"content":{"rendered":"<h5 style=\"text-align: center;\"><strong>REGULAMIN KORZYSTANIA ZE STANOWISKA KOMPUTEROWEGO BIBLIOTEKI <\/strong><\/h5>\n<p>&nbsp;<\/p>\n<ol>\n<li>\n<p align=\"JUSTIFY\">Ze stanowiska komputerowego w bibliotece mog\u0105 nieodp\u0142atnie korzysta\u0107 wszyscy uczniowie, nauczyciele i inni pracownicy szko\u0142y w godzinach pracy biblioteki.<\/p>\n<\/li>\n<li>\n<p align=\"JUSTIFY\">Stanowisko komputerowe s\u0142u\u017cy do wyszukiwania informacji w sieci Internet oraz przegl\u0105dania program\u00f3w edukacyjnych dost\u0119pnych w czytelni.<\/p>\n<\/li>\n<li>\n<p align=\"JUSTIFY\">Praca przy komputerze jest mo\u017cliwa po otrzymaniu zgody nauczyciela bibliotekarza, wszyscy u\u017cytkownicy powinni wpisa\u0107 si\u0119 na kartk\u0119 znajduj\u0105c\u0105 si\u0119 przy ka\u017cdym stanowisku.<\/p>\n<\/li>\n<li>\n<p align=\"JUSTIFY\">Przy stanowisku komputerowym mog\u0105 pracowa\u0107 1 \u2013 2 osoby, u\u017cytkownik\u00f3w obowi\u0105zuje zachowanie ciszy.<\/p>\n<\/li>\n<li>\n<p align=\"JUSTIFY\">U\u017cytkownicy komputera s\u0105 zobowi\u0105zani do korzystania z niego wy\u0142\u0105cznie w celach edukacyjnych (pisanie referatu, rozszerzanie wiedzy przedmiotowej, gromadzenie informacji do konkurs\u00f3w).<\/p>\n<\/li>\n<li>\n<p align=\"JUSTIFY\">Korzysta\u0107 mo\u017cna tylko z zainstalowanych program\u00f3w. Zabrania si\u0119 instalowania innych program\u00f3w i dokonywania zmian w ju\u017c istniej\u0105cych oprogramowaniach.<\/p>\n<\/li>\n<li>\n<p align=\"JUSTIFY\">Wszelkie uszkodzenia lub nieprawid\u0142owo\u015bci w pracy komputera nale\u017cy zg\u0142asza\u0107 nauczycielowi bibliotekarzowi.<\/p>\n<\/li>\n<li>\n<p align=\"JUSTIFY\">Za naruszenie regulaminu nauczyciel bibliotekarz mo\u017ce na\u0142o\u017cy\u0107 kar\u0119 \u2013 zakaz korzystania z komputera przez wyznaczony czas.<\/p>\n<\/li>\n<\/ol>\n","protected":false},"excerpt":{"rendered":"<p>REGULAMIN KORZYSTANIA ZE STANOWISKA KOMPUTEROWEGO BIBLIOTEKI &nbsp; Ze stanowiska komputerowego w bibliotece mog\u0105 nieodp\u0142atnie korzysta\u0107 wszyscy uczniowie, nauczyciele i inni pracownicy szko\u0142y w godzinach pracy biblioteki. Stanowisko komputerowe s\u0142u\u017cy do wyszukiwania informacji w sieci Internet oraz przegl\u0105dania program\u00f3w edukacyjnych dost\u0119pnych w czytelni. Praca przy komputerze jest mo\u017cliwa po otrzymaniu zgody nauczyciela bibliotekarza, wszyscy u\u017cytkownicy powinni [&hellip;]<\/p>\n","protected":false},"author":2,"featured_media":0,"parent":0,"menu_order":0,"comment_status":"closed","ping_status":"closed","template":"","meta":{"_mi_skip_tracking":false},"_links":{"self":[{"href":"https:\/\/www.sp14.tychy.pl\/index.php?rest_route=\/wp\/v2\/pages\/463"}],"collection":[{"href":"https:\/\/www.sp14.tychy.pl\/index.php?rest_route=\/wp\/v2\/pages"}],"about":[{"href":"https:\/\/www.sp14.tychy.pl\/index.php?rest_route=\/wp\/v2\/types\/page"}],"author":[{"embeddable":true,"href":"https:\/\/www.sp14.tychy.pl\/index.php?rest_route=\/wp\/v2\/users\/2"}],"replies":[{"embeddable":true,"href":"https:\/\/www.sp14.tychy.pl\/index.php?rest_route=%2Fwp%2Fv2%2Fcomments&post=463"}],"version-history":[{"count":2,"href":"https:\/\/www.sp14.tychy.pl\/index.php?rest_route=\/wp\/v2\/pages\/463\/revisions"}],"predecessor-version":[{"id":553,"href":"https:\/\/www.sp14.tychy.pl\/index.php?rest_route=\/wp\/v2\/pages\/463\/revisions\/553"}],"wp:attachment":[{"href":"https:\/\/www.sp14.tychy.pl\/index.php?rest_route=%2Fwp%2Fv2%2Fmedia&parent=463"}],"curies":[{"name":"wp","href":"https:\/\/api.w.org\/{rel}","templated":true}]}}