{"id":9811,"date":"2021-03-01T01:45:27","date_gmt":"2021-03-01T00:45:27","guid":{"rendered":"https:\/\/www.sp14.tychy.pl\/?page_id=9811"},"modified":"2023-10-20T10:25:16","modified_gmt":"2023-10-20T08:25:16","slug":"egzaminy-probne","status":"publish","type":"page","link":"https:\/\/www.sp14.tychy.pl\/?page_id=9811","title":{"rendered":"Egzaminy pr\u00f3bne 2023"},"content":{"rendered":"\n<figure class=\"wp-block-table\"><table><tbody><tr><td><strong>Przedmiot<\/strong><\/td><td><strong>Przeprowadzenie testu diagnostycznego<\/strong><\/td><\/tr><tr><td>j\u0119zyk polski<\/td><td>listopad\/grudzie\u0144<\/td><\/tr><tr><td>matematyka<\/td><td>listopad\/grudzie\u0144<\/td><\/tr><tr><td>j\u0119zyki obce nowo\u017cytne<\/td><td>listopad\/grudzie\u0144<\/td><\/tr><\/tbody><\/table><\/figure>\n\n\n\n<p><strong>Zasady organizacyjne egzamin\u00f3w:<\/strong>&nbsp;<\/p>\n\n\n\n<p>&#8211; Uczniowie przychodz\u0105 na egzamin nie wcze\u015bniej ni\u017c o 7.40, nauczyciele nadzoruj\u0105cy powinni by\u0107 obecni od 7.30&nbsp;<br>&#8211; Obowi\u0105zuje uroczysty str\u00f3j.&nbsp;<br>&#8211; Nauczyciele nadzoruj\u0105cy przebieg egzaminu od godziny 7.45 sukcesywnie wpuszczaj\u0105 uczni\u00f3w do sal, aby unikn\u0105\u0107 kolejki. &nbsp;<br>&#8211; Przed wpuszczeniem na sal\u0119 egzaminacyjn\u0105 uczniowie musz\u0105 si\u0119 wylegitymowa\u0107 dokumentem ze zdj\u0119ciem.&nbsp;<br>&#8211; Nast\u0119pnie uczniowie losuj\u0105 miejsce w sali (ka\u017cdego dnia).&nbsp;<br>&#8211; Na sal\u0119 egzaminacyjn\u0105 NIE WOLNO <strong>wnosi\u0107<\/strong> \u017cadnych urz\u0105dze\u0144 elektronicznych.&nbsp;<br>&#8211; Uczniom WOLNO wnie\u015b\u0107 na sal\u0119 egzaminacyjn\u0105:&nbsp;&nbsp;<br>d\u0142ugopisy z czarnym wk\u0142adem (linijka na matematyk\u0119),&nbsp;&nbsp;<br>ma\u0142\u0105 paczk\u0119 chusteczek higienicznych&nbsp;&nbsp;<br>ma\u0142\u0105 butelk\u0119 wody mineralnej.&nbsp;<br>&#8211; Uczniowi mo\u017ce by\u0107 przerwany egzamin, gdy:&nbsp;&nbsp;<br><strong>wniesie urz\u0105dzenie elektroniczne<\/strong>,&nbsp;<br><strong>b\u0119dzie pisa\u0142 egzamin niesamodzielnie<\/strong>,&nbsp;&nbsp;<br><strong>b\u0119dzie przeszkadza\u0142 innym w pisaniu egzaminu<\/strong>&nbsp;&nbsp;<br>(na sal\u0119 b\u0119dzie poproszona p. dyrektor, kt\u00f3ra zdecyduje o przerwaniu egzaminu).&nbsp;<br>&#8211; Punktualnie o 8.00 uczniom zostan\u0105 rozdane testy egzaminacyjne i zapoznaj\u0105 si\u0119 z instrukcj\u0105.&nbsp;<br>&#8211; Po cz\u0119\u015bci organizacyjnej nauczyciel zapisuje na tablicy czas rozpocz\u0119cia i zako\u0144czenia pisania.&nbsp;<br>&#8211; Je\u017celi kto\u015b sko\u0144czy pisa\u0107 (nie wolno sko\u0144czy\u0107 wcze\u015bniej ni\u017c 15 minut przed ko\u0144cem) podnosi r\u0119k\u0119, a nauczyciel podchodzi i sprawdza, czy wszystkie odpowiedzi (zadania zamkni\u0119te) zosta\u0142y przeniesione na kart\u0119 odpowiedzi i wypuszcza ucznia z sali (test zostaje na stole).&nbsp;<br>&#8211; Uczniowie maj\u0105cy wyd\u0142u\u017cony czas pracy mog\u0105 pisa\u0107 50% d\u0142u\u017cej ni\u017c przewidziany czas (60, 50, 45)&nbsp;<br>&#8211; Po egzaminie uczniowie wracaj\u0105 na lekcje wg ustalonego grafiku.&nbsp;<\/p>\n","protected":false},"excerpt":{"rendered":"<p>Przedmiot Przeprowadzenie testu diagnostycznego j\u0119zyk polski listopad\/grudzie\u0144 matematyka listopad\/grudzie\u0144 j\u0119zyki obce nowo\u017cytne listopad\/grudzie\u0144 Zasady organizacyjne egzamin\u00f3w:&nbsp; &#8211; Uczniowie przychodz\u0105 na egzamin nie wcze\u015bniej ni\u017c o 7.40, nauczyciele nadzoruj\u0105cy powinni by\u0107 obecni od 7.30&nbsp;&#8211; Obowi\u0105zuje uroczysty str\u00f3j.&nbsp;&#8211; Nauczyciele nadzoruj\u0105cy przebieg egzaminu od godziny 7.45 sukcesywnie wpuszczaj\u0105 uczni\u00f3w do sal, aby unikn\u0105\u0107 kolejki. &nbsp;&#8211; Przed wpuszczeniem na [&hellip;]<\/p>\n","protected":false},"author":1,"featured_media":0,"parent":0,"menu_order":0,"comment_status":"closed","ping_status":"closed","template":"","meta":{"_mi_skip_tracking":false},"_links":{"self":[{"href":"https:\/\/www.sp14.tychy.pl\/index.php?rest_route=\/wp\/v2\/pages\/9811"}],"collection":[{"href":"https:\/\/www.sp14.tychy.pl\/index.php?rest_route=\/wp\/v2\/pages"}],"about":[{"href":"https:\/\/www.sp14.tychy.pl\/index.php?rest_route=\/wp\/v2\/types\/page"}],"author":[{"embeddable":true,"href":"https:\/\/www.sp14.tychy.pl\/index.php?rest_route=\/wp\/v2\/users\/1"}],"replies":[{"embeddable":true,"href":"https:\/\/www.sp14.tychy.pl\/index.php?rest_route=%2Fwp%2Fv2%2Fcomments&post=9811"}],"version-history":[{"count":6,"href":"https:\/\/www.sp14.tychy.pl\/index.php?rest_route=\/wp\/v2\/pages\/9811\/revisions"}],"predecessor-version":[{"id":21400,"href":"https:\/\/www.sp14.tychy.pl\/index.php?rest_route=\/wp\/v2\/pages\/9811\/revisions\/21400"}],"wp:attachment":[{"href":"https:\/\/www.sp14.tychy.pl\/index.php?rest_route=%2Fwp%2Fv2%2Fmedia&parent=9811"}],"curies":[{"name":"wp","href":"https:\/\/api.w.org\/{rel}","templated":true}]}}